{"id":44,"date":"2017-06-07T23:37:45","date_gmt":"2017-06-07T21:37:45","guid":{"rendered":"http:\/\/cdn-pva.org\/?page_id=44"},"modified":"2023-09-02T22:57:37","modified_gmt":"2023-09-02T20:57:37","slug":"qui-sommes-nous","status":"publish","type":"page","link":"https:\/\/cdn-pva.org\/?page_id=44","title":{"rendered":"Qui sommes nous ?"},"content":{"rendered":"<p>Le Cercle des Nageurs de Pl\u00e9neuf Val-Andr\u00e9 est une association loi 1901, n\u00e9e en <b>Mars 1993<\/b> dans le but de :<\/p>\n<ul>\n<li><b>Faciliter le contact avec le milieu aquatique,<\/b><\/li>\n<li><strong>Am\u00e9liorer les techniques de nage,<\/strong><\/li>\n<li><b>Oublier fatigue et stress, <\/b><\/li>\n<li><b>entretenir sa forme.<\/b><\/li>\n<\/ul>\n<p>L\u2019association propose de nombreuses activit\u00e9s aquatiques, vari\u00e9es et pour tous les \u00e2ges, d\u00e8s le plus jeune \u00e2ge.<\/p>\n<p>Les activit\u00e9s se d\u00e9roulent \u00e0 la piscine de Pl\u00e9neuf Val-Andr\u00e9.<\/p>\n<p>L\u2019association compte plus de 420 adh\u00e9rents r\u00e9partis dans les diff\u00e9rentes activit\u00e9s.<\/p>\n<div dir=\"ltr\" data-angle=\"0\" data-font-name=\"Helvetica\" data-canvas-width=\"46.51200138616561\">Les sommes vers\u00e9es par les adh\u00e9rents servent \u00e0 couvrir les frais de:<\/div>\n<ul>\n<li>de location de la piscine \u00e0 la municipalit\u00e9 de Pl\u00e9neuf-Val-Andr\u00e9<\/li>\n<li>les salaires des moniteurs et surveillants et les charges.<\/li>\n<\/ul>\n<p>Chaque ann\u00e9e, l\u2019association investit \u00e9galement d\u0092ans un peu de mat\u00e9riel (jouets flottants, bou\u00e9es, flotteurs d\u0092apprentissage, planches, palmes, ).<\/p>\n<p>Les adh\u00e9sions sont \u00e9ventuellement compl\u00e9t\u00e9es par une subvention municipale.<\/p>\n<p>La saison commence en Septembre et se termine en Juin. Une \u00ab comp\u00e9tition \u00bb amicale vient clore l\u0092\u2019ann\u00e9e des enfants en juin.<\/p>\n<p>L\u2019assembl\u00e9e G\u00e9n\u00e9rale a lieu g\u00e9n\u00e9ralement en Novembre. Il est important d&#8217;y participer car l&#8217;association manque de b\u00e9n\u00e9voles de fa\u00e7on chronique !<\/p>\n<p>Diverses animations sont organis\u00e9es en cours d\u2019ann\u00e9e, notamment pour les enfants, telles que le traditionnel Go\u00fbter de No\u00ebl.<\/p>\n","protected":false},"excerpt":{"rendered":"<p>Le Cercle des Nageurs de Pl\u00e9neuf Val-Andr\u00e9 est une association loi 1901, n\u00e9e en Mars 1993 dans le but de : Faciliter le contact avec le milieu aquatique, Am\u00e9liorer les techniques de nage, Oublier fatigue et stress, entretenir sa forme. L\u2019association propose de nombreuses activit\u00e9s aquatiques, vari\u00e9es et pour tous les \u00e2ges, d\u00e8s le plus &#8230; <a title=\"Qui sommes nous ?\" class=\"read-more\" href=\"https:\/\/cdn-pva.org\/?page_id=44\">Lire la suite <span class=\"screen-reader-text\">Qui sommes nous ?<\/span><\/a><\/p>\n","protected":false},"author":1,"featured_media":0,"parent":0,"menu_order":1,"comment_status":"closed","ping_status":"closed","template":"","meta":{"footnotes":""},"_links":{"self":[{"href":"https:\/\/cdn-pva.org\/index.php?rest_route=\/wp\/v2\/pages\/44"}],"collection":[{"href":"https:\/\/cdn-pva.org\/index.php?rest_route=\/wp\/v2\/pages"}],"about":[{"href":"https:\/\/cdn-pva.org\/index.php?rest_route=\/wp\/v2\/types\/page"}],"author":[{"embeddable":true,"href":"https:\/\/cdn-pva.org\/index.php?rest_route=\/wp\/v2\/users\/1"}],"replies":[{"embeddable":true,"href":"https:\/\/cdn-pva.org\/index.php?rest_route=%2Fwp%2Fv2%2Fcomments&post=44"}],"version-history":[{"count":13,"href":"https:\/\/cdn-pva.org\/index.php?rest_route=\/wp\/v2\/pages\/44\/revisions"}],"predecessor-version":[{"id":676,"href":"https:\/\/cdn-pva.org\/index.php?rest_route=\/wp\/v2\/pages\/44\/revisions\/676"}],"wp:attachment":[{"href":"https:\/\/cdn-pva.org\/index.php?rest_route=%2Fwp%2Fv2%2Fmedia&parent=44"}],"curies":[{"name":"wp","href":"https:\/\/api.w.org\/{rel}","templated":true}]}}