{"id":36,"date":"2017-06-07T23:26:40","date_gmt":"2017-06-07T21:26:40","guid":{"rendered":"http:\/\/cdn-pva.org\/?page_id=36"},"modified":"2023-11-03T17:54:01","modified_gmt":"2023-11-03T16:54:01","slug":"inscriptions","status":"publish","type":"page","link":"https:\/\/cdn-pva.org\/?page_id=36","title":{"rendered":"Inscriptions pour la saison 2023-24"},"content":{"rendered":"\n<h4><span style=\"color: #ff00ff;\">Des modifications se sont impos\u00e9es avec la reprise:<\/span><\/h4>\n<ul style=\"list-style-type: disc;\">\n<li><span style=\"color: #ff00ff;\">N&#8217;ayant pas trouv\u00e9 de ma\u00eetre nageur pour assurer les s\u00e9ances du mercredi 13h15 et du jeudi 12h, nous avons le regret de supprimer ces s\u00e9ances.<\/span><\/li>\n<li><span style=\"color: #ff00ff;\">N&#8217;ayant pas assez d&#8217;enfants inscrits le samedi en natation \u00e0 12h et en multiactivit\u00e9s aquatiques \u00e0 13h, nous avons fusionner ces cr\u00e9neaux : le multi activit\u00e9s aquatiques est avanc\u00e9 \u00e0 12h le samedi.<\/span><\/li>\n<\/ul>\n\n\n\n<h3><span style=\"color: #0000ff;\">Quelques changements cette ann\u00e9e&#8230;<\/span><\/h3>\n<p><strong><span style=\"color: #3366ff;\">Aqualudique<\/span> : <\/strong>nous sollicitons l\u2019<strong>accompagnement des parents dans l\u2019eau au moins 8 s\u00e9ances dans l\u2019ann\u00e9e<\/strong>. Il n\u2019est pas n\u00e9cessaire de savoir nager, les s\u00e9ances se d\u00e9roulent dans le petit bassin, avec de l\u2019eau jusqu\u2019\u00e0 la taille et sous la surveillance d\u2019un ma\u00eetre nageur sauveteur.<\/p>\n<p><span style=\"color: #0000ff;\"><strong><span style=\"color: #3366ff;\">Toutes sections<\/span> :<\/strong>&nbsp;<\/span>les cr\u00e9neaux qui n&#8217;auront pas assez d&#8217;inscrits le 9 septembre \u00e0 18h ne seront pas maintenus. Nous vous proposerons de vous reporter sur un autre cr\u00e9neau ou de ne pas enregistrer votre inscription.<\/p>\n\n\n\n<blockquote class=\"wp-block-quote\"><p><strong>Afin de nous aider \u00e0 la bonne gestion, et \u00e0 maintenir les cr\u00e9neaux que vous souhaitez ouverts, merci de nous faire parvenir votre dossier d&#8217;inscription d\u00e8s que possible. Les dossiers complets seront trait\u00e9s dans leur ordre d&#8217;arriv\u00e9e.<\/strong><\/p><\/blockquote>\n\n\n\n<p>&nbsp;<\/p>\n<p><span style=\"color: #3366ff;\">Trois possibilit\u00e9s pour nous retourner votre dossier d&#8217;inscription <span style=\"color: #ff00ff;\">obligatoirement en format papier<\/span>:<\/span><\/p>\n<ul>\n<li><strong>journ\u00e9e d&#8217;inscription CDN<\/strong> : samedi 2 septembre de 14h30 \u00e0 17h, \u00e0 la salle du Tertre du bourg, rue des Dr Roux et Calmette ;<\/li>\n<li><strong>forum des associations<\/strong> : samedi 9 septembre de 10h \u00e0 17h, \u00e0 la salle du Gu\u00e9madeuc ;<\/li>\n<li><strong>aupr\u00e8s de la secr\u00e9taire de section<\/strong> indiqu\u00e9e dans le tableau ci-dessous.<\/li>\n<\/ul>\n\n\n\n\n\n<table style=\"height: 1565px; width: 100%; border-color: #340959;\">\n<tbody>\n<tr style=\"height: 10px;\">\n<td style=\"width: 98.5235%; height: 10px; border-color: #4b0b80; background-color: #d5f1f2; border-style: solid;\" colspan=\"4\">\n<p style=\"text-align: center;\"><a href=\"http:\/\/cdn-pva.org\/wp-content\/uploads\/2023\/08\/2023-2024-Calendrier-annuel-du-CDN-2.pdf\" target=\"_blank\" rel=\"noopener\">Calendrier de la saison \u00e0 t\u00e9l\u00e9charger<\/a><\/p>\n<\/td>\n<\/tr>\n<tr style=\"height: 120px;\">\n<td style=\"width: 24.2953%; height: 120px; border-color: #6f36b5; background-color: #d1bbf0; border-style: solid;\">\n<p><b>Activit\u00e9<\/b><\/p>\n<\/td>\n<td style=\"width: 19.3289%; height: 120px; border-color: #6f36b5; background-color: #d1bbf0; border-style: solid;\">\n<p><b>Public concern\u00e9<\/b><\/p>\n<\/td>\n<td style=\"width: 36.2416%; height: 120px; border-color: #6f36b5; background-color: #d1bbf0; border-style: solid;\">\n<p><b>Secr\u00e9taire de section<\/b><\/p>\n<\/td>\n<td style=\"width: 18.6577%; height: 120px; border-color: #6f36b5; background-color: #d1bbf0; border-style: solid;\">\n<p><b>Dossier \u00e0 t\u00e9l\u00e9charger<\/b><\/p>\n<\/td>\n<\/tr>\n<tr style=\"height: 199px;\">\n<td style=\"width: 24.2953%; height: 10px; border-style: solid; border-color: #562c91; background-color: #ddd1ed;\">\n<p>Aqualudique<\/p>\n<\/td>\n<td style=\"width: 19.3289%; height: 10px; border-style: solid; border-color: #562c91; background-color: #ddd1ed;\">\n<p>Entre 4 et 6 ans<\/p>\n<\/td>\n<td style=\"width: 36.2416%; height: 250px; border-style: solid; border-color: #562c91; background-color: #ddd1ed;\" rowspan=\"3\">\n<p><b>Elodie FERRER<\/b><\/p>\n<p>6, le Vauclair<\/p>\n<p>22370 Pl\u00e9neuf-Val-Andr\u00e9<\/p>\n<p>06 52 63 34 93<\/p>\n<p>e.ferrer3145@icloud.com<\/p>\n<\/td>\n<td style=\"width: 18.6577%; height: 10px; border-style: solid; border-color: #562c91; background-color: #ddd1ed;\">\n<p><a href=\"http:\/\/cdn-pva.org\/wp-content\/uploads\/2023\/08\/CDN-Dossier-inscription-mineurs-aqualudique-2023-24.pdf\"><b>Nouvelle inscription<\/b><\/a><\/p>\n<p><b>\u00a0<\/b><\/p>\n<p><a href=\"http:\/\/cdn-pva.org\/wp-content\/uploads\/2023\/08\/CDN-Dossier-reinscription-mineurs-aqualudique-2023-24.pdf\"><b>Adh\u00e9rent 2022-23<\/b><\/a><\/p>\n<\/td>\n<\/tr>\n<tr style=\"height: 120px;\">\n<td style=\"width: 24.2953%; height: 120px; border-style: solid; border-color: #562c91; background-color: #ddd1ed;\">\n<p>Ecole de natation<\/p>\n<\/td>\n<td style=\"width: 19.3289%; height: 120px; border-style: solid; border-color: #562c91; background-color: #ddd1ed;\">\n<p>A partir de 6 ans<\/p>\n<\/td>\n<td style=\"width: 18.6577%; height: 360px; border-style: solid; border-color: #562c91; background-color: #ddd1ed;\" rowspan=\"3\">\n<p><a href=\"http:\/\/cdn-pva.org\/wp-content\/uploads\/2023\/08\/CDN-Dossier-inscription-mineurs-2023-24.pdf\"><b>Nouvelle inscription<\/b><\/a><\/p>\n<p><b>\u00a0<\/b><\/p>\n<p><a href=\"http:\/\/cdn-pva.org\/wp-content\/uploads\/2023\/08\/CDN-Dossier-reinscription-mineurs-2023-24.pdf\"><b>Adh\u00e9rent 2022-23<\/b><\/a><\/p>\n<\/td>\n<\/tr>\n<tr style=\"height: 120px;\">\n<td style=\"width: 24.2953%; height: 120px; border-style: solid; border-color: #562c91; background-color: #ddd1ed;\">\n<p>Multi activit\u00e9s aquatiques<\/p>\n<\/td>\n<td style=\"width: 19.3289%; height: 120px; border-style: solid; border-color: #562c91; background-color: #ddd1ed;\">\n<p>A partir de 10 ans<\/p>\n<\/td>\n<\/tr>\n<tr style=\"height: 120px;\">\n<td style=\"width: 24.2953%; height: 120px; border-style: solid; border-color: #562c91; background-color: #ddd1ed;\">\n<p>Natation Ados<\/p>\n<\/td>\n<td style=\"width: 19.3289%; height: 120px; border-style: solid; border-color: #562c91; background-color: #ddd1ed;\">\n<p>A partir de 15 ans<\/p>\n<\/td>\n<td style=\"width: 36.2416%; height: 389px; border-style: solid; border-color: #562c91; background-color: #ddd1ed;\" rowspan=\"3\">\n<p><b>Odile DANIEL<\/b><\/p>\n<p>28, rue de la Motte Meurdel<\/p>\n<p>22370 Pl\u00e9neuf-Val-Andr\u00e9<\/p>\n<p>06 61 70 84 72<\/p>\n<p>odile.daniel3@orange.fr<\/p>\n<\/td>\n<\/tr>\n<tr style=\"height: 179px;\">\n<td style=\"width: 24.2953%; height: 179px; border-style: solid; border-color: #562c91; background-color: #ddd1ed;\">\n<p>Aquaphobie<\/p>\n<p>Apprentissage natation adulte<\/p>\n<\/td>\n<td style=\"width: 19.3289%; height: 179px; border-style: solid; border-color: #562c91; background-color: #ddd1ed;\"><br \/><br \/>\n<p>Adultes<\/p>\n<\/td>\n<td style=\"width: 18.6577%; height: 1065px; border-style: solid; border-color: #562c91; background-color: #ddd1ed;\" rowspan=\"3\">\n<p><a href=\"http:\/\/cdn-pva.org\/wp-content\/uploads\/2023\/08\/CDN-Dossier-inscription-majeurs-2023-24.pdf\"><b>Nouvelle inscription<\/b><\/a><\/p>\n<p><b>\u00a0<\/b><\/p>\n<p><a href=\"http:\/\/cdn-pva.org\/wp-content\/uploads\/2023\/08\/CDN-Dossier-reinscription-majeurs-2023-24.pdf\"><b>Adh\u00e9rent 2022-23<\/b><\/a><\/p>\n<\/td>\n<\/tr>\n<tr style=\"height: 90px;\">\n<td style=\"width: 24.2953%; height: 90px; border-style: solid; border-color: #562c91; background-color: #ddd1ed;\">\n<p>Natation adultes<\/p>\n<\/td>\n<td style=\"width: 19.3289%; height: 90px; border-style: solid; border-color: #562c91; background-color: #ddd1ed;\">\n<p>Adultes<\/p>\n<\/td>\n<\/tr>\n<tr style=\"height: 796px;\">\n<td style=\"width: 24.2953%; height: 796px; border-style: solid; border-color: #562c91; background-color: #ddd1ed;\">\n<p>Aquagym<\/p>\n<p>Aquafitness<\/p>\n<\/td>\n<td style=\"width: 19.3289%; height: 796px; border-style: solid; border-color: #562c91; background-color: #ddd1ed;\"><br \/><br \/><br \/><br \/><br \/><br \/>\n<p>Adultes<\/p>\n<\/td>\n<td style=\"width: 36.2416%; height: 796px; border-style: solid; border-color: #562c91; background-color: #ddd1ed;\">\n<p>Pour les adh\u00e9rents de la lettre A \u00e0 la lettre J :<\/p>\n<p><b>Sylviane Blanchard<\/b><\/p>\n<p>7, rue de la ville Coquen<\/p>\n<p>22370 Pl\u00e9neuf-Val-Andr\u00e9<\/p>\n<p>06 79 02 39 23<\/p>\n<p>sylviane.blanchard@orange.fr<\/p>\n<p>Pour les adh\u00e9rents de la lettre K \u00e0 la lettre Z :<\/p>\n<p><b>Patricia LE GUEN<\/b><\/p>\n<p>1, rue des Gu\u00e9rets<\/p>\n<p>22370 Pl\u00e9neuf-Val-Andr\u00e9<\/p>\n<p>06 07 62 67 22<\/p>\n<p>leguenpatricia@orange.fr<\/p>\n<\/td>\n<\/tr>\n<\/tbody>\n<\/table>\n\n\n\n<p><\/p>\n\n\n\n\n","protected":false},"excerpt":{"rendered":"<p>Des modifications se sont impos\u00e9es avec la reprise: N&#8217;ayant pas trouv\u00e9 de ma\u00eetre nageur pour assurer les s\u00e9ances du mercredi 13h15 et du jeudi 12h, nous avons le regret de supprimer ces s\u00e9ances. N&#8217;ayant pas assez d&#8217;enfants inscrits le samedi en natation \u00e0 12h et en multiactivit\u00e9s aquatiques \u00e0 13h, nous avons fusionner ces cr\u00e9neaux &#8230; <a title=\"Inscriptions pour la saison 2023-24\" class=\"read-more\" href=\"https:\/\/cdn-pva.org\/?page_id=36\">Lire la suite <span class=\"screen-reader-text\">Inscriptions pour la saison 2023-24<\/span><\/a><\/p>\n","protected":false},"author":1,"featured_media":0,"parent":0,"menu_order":3,"comment_status":"closed","ping_status":"closed","template":"","meta":{"footnotes":""},"_links":{"self":[{"href":"https:\/\/cdn-pva.org\/index.php?rest_route=\/wp\/v2\/pages\/36"}],"collection":[{"href":"https:\/\/cdn-pva.org\/index.php?rest_route=\/wp\/v2\/pages"}],"about":[{"href":"https:\/\/cdn-pva.org\/index.php?rest_route=\/wp\/v2\/types\/page"}],"author":[{"embeddable":true,"href":"https:\/\/cdn-pva.org\/index.php?rest_route=\/wp\/v2\/users\/1"}],"replies":[{"embeddable":true,"href":"https:\/\/cdn-pva.org\/index.php?rest_route=%2Fwp%2Fv2%2Fcomments&post=36"}],"version-history":[{"count":90,"href":"https:\/\/cdn-pva.org\/index.php?rest_route=\/wp\/v2\/pages\/36\/revisions"}],"predecessor-version":[{"id":707,"href":"https:\/\/cdn-pva.org\/index.php?rest_route=\/wp\/v2\/pages\/36\/revisions\/707"}],"wp:attachment":[{"href":"https:\/\/cdn-pva.org\/index.php?rest_route=%2Fwp%2Fv2%2Fmedia&parent=36"}],"curies":[{"name":"wp","href":"https:\/\/api.w.org\/{rel}","templated":true}]}}